and 36.
9
Let u(h) = -17*h**2 - 49*h - 270. Let m be u(-6). Let b = -470 - m. What is the greatest common factor of b and 413?
59
Let y(o) = o**3 + 11*o**2 + 9*o + 6. Let d be y(-10). Suppose d*h + 21 = 19*h. What is the greatest common factor of h and 63?
7
Let p(w) = -w. Let j be p(-4). Suppose -2*f = o + 142, -3*f - j*o = -o + 219. Let a = 154 + f. Calculate the highest common factor of a and 17.
17
Suppose 6*p = 8*p - 182. Suppose -3*i + h + 34 = 0, i - 5*h = -i + 1. Calculate the highest common divisor of i and p.
13
Let f be (-57)/(-9) - (-1)/(-3). Suppose f = -8*p + 9*p. Suppose -5*k - 8 = -p*k. Calculate the greatest common factor of k and 64.
8
Suppose l + 17*a - 223 = 0, -5*l + 831 + 1067 = -2*a. Calculate the greatest common factor of 10340 and l.
188
Suppose 2*r + v - 5*v + 182 = 0, 5*v = 5*r + 475. Let g be -9*(-4)/(-6)*r/22. Calculate the highest common factor of 108 and g.
27
Suppose 2*s - 53 = -b, 4*s = 9*b - 5*b + 88. Suppose s*w - 56 = 11*w. Calculate the highest common factor of 50 and w.
2
Suppose 0 = 9*l + l + 60. Let t(v) = v**3 + 9*v**2 + 3*v + 18. Let p be t(l). What is the highest common divisor of 12 and p?
12
Let x = 1215 - 1121. What is the highest common divisor of 8 and x?
2
Suppose -62 = -2*g + 2*b, -4*b - 165 = -5*g - 5. Let m(i) = -i**3 - i**2 - 3*i + 5. Let h be m(-3). Calculate the greatest common factor of h and g.
4
Suppose 5*l + 9*r - 12951 = 11*r, 0 = 4*l - r - 10359. What is the greatest common divisor of l and 6?
3
Suppose -10 = -2*a, 0 = x - 4*a - 0*a + 38. Let y = 70 + x. Let j = 53 - y. Calculate the greatest common factor of 4 and j.
1
Let t be 10 - (2 + 0/2). Suppose -10*o + t*o = -232. Suppose -3*g - o = -7*g. Calculate the highest common divisor of 58 and g.
29
Let w be -6 + 10 + 56 + 0. Suppose -3*j = -4*g - 17, -3*j - 4*g + w = j. Let z = -4 + 5. Calculate the highest common divisor of z and j.
1
Suppose -3*p = -5*l - 7*p + 16874, -16865 = -5*l + 5*p. Suppose -42*h + 3724 + l = 0. Calculate the greatest common divisor of 65 and h.
13
Let f(b) = 58*b**3 - 28*b + 36. Let j be f(6). Calculate the highest common factor of j and 12.
12
Let q be ((-2)/4 + 27/36)*67936/22. What is the highest common factor of q and 30494?
386
Let h = 8 + -54. Let z be (-7 - -2) + (9 - h). What is the greatest common factor of z and 40?
10
Suppose 26*l - 59023 = -0*l + 96145. What is the highest common factor of l and 64?
16
Suppose -56*j + 667555 - 258595 = 34*j. Calculate the highest common factor of 142 and j.
142
Suppose -456 = -294*b + 286*b. Suppose -l + 98 = 2*o - b, -605 = -4*l - 5*o. What is the highest common factor of l and 116?
29
Let b(g) = 2*g - 34. Let n be b(17). Suppose n = 16*p + 7*p - 621. Calculate the highest common factor of p and 135.
27
Let w = -5784 + 5859. What is the highest common divisor of 1560 and w?
15
Let o(l) = l - 73. Let k be o(36). Let y(s) = s**3 + 38*s**2 + 30*s - 99. Let t be y(k). Calculate the highest common factor of t and 20.
20
Let s = 58 - 60. Let g be 181 - (11 + 12/s). What is the highest common divisor of 16 and g?
16
Suppose 25*n + 557 = 1407. Calculate the greatest common factor of 2227 and n.
17
Let u be -2*(68265/(-10))/37. What is the highest common factor of u and 4592?
41
Let d be (-7148)/44*-22 + 5*-1. What is the highest common divisor of 86 and d?
43
Suppose 2*y - 2100 = -2*c, -55*y = -57*y - 5*c + 2115. Calculate the greatest common factor of 1520 and y.
95
Let o(u) = -369*u + 1536. Let k be o(4). Calculate the greatest common factor of k and 6180.
60
Let u = -2503 - -6974. What is the highest common factor of u and 51?
17
Let t = -86 + 83. Let l(m) = -4*m**3 - 10*m**2 - 4*m - 1. Let j be l(t). Let b = 420 - 159. Calculate the highest common factor of j and b.
29
Suppose -113 = 5*g + o - 231, -3*o - 30 = -g. What is the highest common factor of g and 3300?
12
Suppose 5*p - 195 = -4*s, -2*s - 8*p = -3*p - 95. Suppose 438 = 8*h - 122. Calculate the greatest common divisor of s and h.
10
Let r be (63/(-27) + 6)/((-2)/(-6)). Suppose 19*q + r*q - 27510 = 0. Calculate the highest common divisor of q and 7.
7
Let m(z) = -z**2 - 194*z + 3374. Let k be m(16). Calculate the highest common divisor of k and 728.
14
Let o be 2442/20 + 22 + (-2)/20. What is the greatest common factor of 6128 and o?
16
Let m = 70 - 164. Let r = m - -99. Suppose 5*k + 9 = 4*i - 77, -r*i + 4*k = -112. Calculate the highest common divisor of 8 and i.
8
Suppose -5*g = -4*t + 1680, 5*t - 2063 = -0*g - 3*g. Let l(j) = 155*j + 3266. Let p be l(-20). Calculate the greatest common factor of p and t.
83
Let s be (-11 + 21)/((-4)/2) - -1. Let f be -6 + (s - -9) - -431. Calculate the greatest common divisor of 10 and f.
10
Let q be (5/1 - 0)/1. Let x be -3*(40/(-15))/8*3. Suppose -x*r + q*t = -166, 3*t + 262 = 5*r + 2*t. What is the greatest common factor of r and 13?
13
Let n(m) = 55*m + 6655. Let y be n(-113). What is the greatest common factor of 100 and y?
20
Let z(y) = -y - 1. Let q(d) = -5*d - 36. Let o(b) = -q(b) + 2*z(b). Let j be o(-16). Let v = 49 + j. Calculate the greatest common factor of v and 5.
5
Let i = 6143 - 6115. Calculate the highest common divisor of 3374 and i.
14
Let u = 543 - 378. Suppose 3*n = u - 84. What is the highest common divisor of 3 and n?
3
Let r be (24 - -1)/(40/960). Suppose -792 = -16*z + r. Calculate the greatest common factor of 203 and z.
29
Let g = -2215 - -2523. What is the greatest common factor of 1708 and g?
28
Let c(p) = p**2 - 3*p + 2. Let h be c(3). Suppose -2*m + 8 = -94. Let o be m/(-17) + 1*17. What is the greatest common divisor of o and h?
2
Let q = 4490 + -4480. Let f be ((-1005)/(-4))/(39/104). What is the highest common divisor of q and f?
10
Suppose -3*q = -4*q + 3. Suppose 0*p - 5*p = 2*w - 595, -q*w = -5*p + 570. Let h be -1 - -10 - (-512)/128. Calculate the highest common divisor of h and p.
13
Let z(f) = 2*f**2 - 13*f - 3. Let g be z(-9). Let k = g - 455. Let i = -89 - k. Calculate the highest common divisor of 60 and i.
30
Let i = -113 + 121. Suppose i*h - 122 = 134. Calculate the highest common factor of h and 24.
8
Suppose -2*h = 4*r - 804, r - 2085 = -5*h + 6*r. Suppose 0 = 3*n - h + 76. Let k = -98 + 114. What is the highest common divisor of n and k?
16
Let n(d) = -187*d + 1999. Let r be n(7). Calculate the highest common factor of 270 and r.
30
Suppose -3*l + 381 = 348. Let s be ((-220)/(-14))/((-6)/(-42)). What is the highest common divisor of l and s?
11
Suppose 212*y - 151*y = 488. Calculate the greatest common factor of 2696 and y.
8
Suppose 0 = 2*w - n - 14, 3*w - 24*n + 27*n - 12 = 0. Suppose -4*p = -5*t - 53, 0 = -p + w*t - t + 17. Calculate the greatest common factor of p and 588.
12
Suppose -34*n - n + 177408 = 77*n. Calculate the greatest common factor of n and 24.
24
Suppose 0 = 10*w - 15*w + 5. Let u be 69 + (20/(-5) - w). Calculate the greatest common divisor of u and 64.
64
Let y(n) = -29*n**3 + 2*n**2 - 2*n - 2. Let o be y(-2). Suppose -3651 - 3352 + 7971 = 11*h. Calculate the highest common divisor of o and h.
22
Let w be ((-43139)/(-482))/(2/4). What is the highest common factor of 4833 and w?
179
Let x(m) = 24*m**2 - 6*m - 2. Let i be x(-4). Suppose -j = -2*u + 22, 178*u - 176*u - 2*j = 16. What is the greatest common divisor of u and i?
14
Suppose 5*z - 7061 = -3*f + 6*z, -11769 = -5*f + z. What is the greatest common factor of 642 and f?
214
Let r(x) = -x**3 - 33*x**2 - 31*x + 117. Let a be r(-32). What is the highest common factor of 2465 and a?
85
Suppose 0 = -v - 4*v + 4*z + 3364, 0 = 4*z + 4. Suppose 0 = 11*h - 2628 - v. Calculate the highest common divisor of 30 and h.
30
Suppose 0 = r - 2, -3*h = -33*r + 34*r - 19178. Calculate the greatest common factor of h and 136.
136
Let d(g) = 121*g + 876. Let r be d(-6). What is the highest common divisor of 15 and r?
15
Suppose 9 + 21 = -3*c. Let l be ((-12)/c)/(12/30). Suppose -l*m - 3*d = 0, 12 = m + m - 4*d. Calculate the greatest common factor of m and 38.
2
Let t be (3 + (-48)/18)/(4/1548) - 1. Calculate the highest common factor of 816 and t.
16
Suppose -3 = -15*z + 14*z. Let n(k) = -4 - z*k + 6*k - 9*k. Let i be n(-18). What is the greatest common factor of 13 and i?
13
Suppose -178 = 2*s + s + 2*w, -s = -2*w + 62. Let d = s - -60. Suppose -k + 19 + 25 = d.